?
134a56
What is 3532b (base 12) in base 10?
71315
Convert -205251335 (base 6) to base 9.
-6718625
610553 (base 7) to base 2
11001010001100110
Convert 10ba51 (base 12) to base 14.
70229
Convert -112200023 (base 5) to base 7.
-4205662
Convert -739ae (base 16) to base 7.
-4011343
What is 199369 (base 10) in base 9?
333431
Convert -1011011001010011111 (base 2) to base 3.
-200222012220
What is 122331211 (base 4) in base 15?
22ac7
Convert -114140 (base 13) to base 14.
-a9007
What is 20441145 (base 6) in base 9?
1108142
Convert -16845 (base 14) to base 3.
-2212111221
10011200102112 (base 3) to base 5
412431423
20002213 (base 5) to base 11
a7696
-335272 (base 9) to base 12
-98192
What is -103004331 (base 5) in base 15?
-89c11
Convert -13310233 (base 6) to base 14.
-b8069
What is -4421160 (base 8) in base 9?
-2211235
1378a0 (base 12) to base 10
324408
-632571 (base 8) to base 7
-1534053
What is 52220233 (base 7) in base 11?
252a48a
Convert -113403011 (base 5) to base 7.
-4330556
-24434423 (base 5) to base 9
-385558
What is -1b823 (base 16) in base 11?
-77722
Convert -8c465 (base 16) to base 3.
-1002012011012
What is -101111111111000100111010 (base 2) in base 10?
-12579130
What is 3524145 (base 7) in base 2?
1101100001101100110
345303 (base 9) to base 8
624662
Convert -398e18 (base 15) to base 16.
-2a2c93
-5552404 (base 6) to base 7
-2242024
-11020211001 (base 3) to base 8
-243365
What is 11001101100010001101110 (base 2) in base 13?
151a6a9
Convert -587835 (base 9) to base 15.
-6eb2b
Convert 699207 (base 10) to base 6.
22553023
122100222 (base 5) to base 2
10001101111011000000
What is dc8c1 (base 16) in base 6?
31210121
Convert 222021121112012 (base 3) to base 11.
797a920
What is 647448 (base 11) in base 9?
1846332
Convert 136e3c (base 15) to base 2.
11100100001100110011
2652132 (base 9) to base 13
3ba908
Convert -14b337 (base 14) to base 11.
-453755
-66416 (base 7) to base 12
-9795
What is 16245254 (base 7) in base 8?
6003153
11011011111011011 (base 2) to base 3
12201110111
What is -5515465 (base 7) in base 16?
-a531f
What is 303314044 (base 5) in base 8?
4540732
What is 633633 (base 9) in base 5?
44023210
Convert 17354a (base 11) to base 5.
32040230
-8611991 (base 10) to base 16
-836897
What is -11000002212111 (base 3) in base 11?
-1223765
Convert 3db71 (base 16) to base 15.
4ed75
What is -13221321 (base 4) in base 13?
-1136a
Convert -65a6dc (base 14) to base 8.
-15116032
What is 310a1 (base 13) in base 2?
10101011111001011
Convert 10001011111011111000100 (base 2) to base 7.
53655356
-79826 (base 11) to base 15
-24327
Convert -212211010200 (base 3) to base 4.
-1302131232
What is 4721225 (base 12) in base 6?
1210133245
Convert -46965 (base 12) to base 13.
-34136
What is 1173533 (base 10) in base 4?
10132200131
Convert 238832 (base 16) to base 2.
1000111000100000110010
-4576dd (base 14) to base 6
-122400123
What is -30243443 (base 6) in base 10?
-861363
-253341 (base 6) to base 8
-54435
-1110100001110000 (base 2) to base 12
-2a528
1400312 (base 5) to base 13
caba
What is 3b784 (base 12) in base 11?
56940
Convert -104510b (base 13) to base 12.
-17a9a4a
What is 10400300 (base 7) in base 4?
3121200212
Convert 6bba31 (base 15) to base 2.
10011101001111100100010
25aa0 (base 12) to base 7
303435
What is -48c2c6 (base 16) in base 4?
-102030023012
What is 2620863 (base 10) in base 5?
1132331423
Convert 48740 (base 12) to base 11.
67551
Convert 142937 (base 13) to base 4.
1313333222
What is -21220102021 (base 3) in base 13?
-55a7a
What is -281133 (base 10) in base 4?
-1010220231
Convert b64657 (base 12) to base 6.
141300151
1111111001111111111010 (base 2) to base 4
33321333322
Convert -4164137 (base 9) to base 2.
-1000011111110000001010
Convert -1b6189 (base 13) to base 9.
-1274666
707406 (base 9) to base 12
182420
Convert 1303341 (base 9) to base 12.
2a35a7
-120203102 (base 4) to base 5
-11204222
What is 1060131 (base 7) in base 16?
2041e
What is 163a53 (base 14) in base 11?
491a65
Convert ce404e (base 15) to base 14.
1440196
What is -1513907 (base 10) in base 14?
-2b5a03
What is 1a4b8a (base 12) in base 2?
1110001011110011010
What is -3320002233 (base 4) in base 12?
-40bb53
What is 38c26 (base 13) in base 10?
105319
1221 (base 4) to base 5
410
-4216161 (base 7) to base 10
-508761
Convert 22000323012 (base 4) to base 5.
1133001342
Convert 72175 (base 11) to base 12.
50b74
What is -603250 (base 7) in base 14?
-29260
What is -c0be (base 16) in base 10?
-49342
What is 177473 (base 9) in base 6?
2211233
-10e35 (base 15) to base 4
-31021001
571057 (base 10) to base 15
b4307
2a19147 (base 11) to base 15
6c4e19
-87da4 (base 14) to base 15
-67838
What is 102211212110210 (base 3) in base 8?
30010665
Convert -10202133102 (base 4) to base 6.
-41300310
23e39d (base 16) to base 12
955165
Convert 2302203 (base 11) to base 9.
7520888
Convert -141225 (base 12) to base 2.
-1010001011111111101
-2112220022 (base 4) to base 14
-120bb4
What is 15843 (base 11) in base 12?
10ab3
1a175a6 (base 11) to base 6
201003554
-1112000111 (base 3) to base 6
-350234
What is 340504 (base 9) in base 7?
1506112
Convert 1000011101001100010110 (base 2) to base 6.
115302342
1222020222 (base 3) to base 5
2220300
Convert -16177262 (base 8) to base 13.
-a0a1b6
Convert 3454644 (base 9) to base 4.
13013300032
What is -122033051 (base 7) in base 11?
-4359723
4354a6 (base 12) to base 15
1611a3
What is -100302352 (base 6) in base 10?
-1703516
-8983 (base 16) to base 15
-a66d
What is -2243521 (base 6) in base 3?
-12211121011
What is -71932 (base 12) in base 9?
-245272
Convert 132635321 (base 7) to base 16.
82ee2a
What is -58084b (base 15) in base 13?
-b42531
-425d9 (base 14) to base 4
-213021003
What is 88a05 (base 13) in base 11?
15a166
593821 (base 12) to base 11
8a1826
What is 222246 (base 8) in base 6?
1334502
Convert -3141300 (base 5) to base 14.
-152c4
1101110011011000 (base 2) to base 8
156330
What is 1111100122001 (base 3) in base 11?
4a2889
What is 16470611 (base 8) in base 16?
3a7189
Convert -40409a9 (base 11) to base 13.
-1632817
Convert 21413444 (base 5) to base 8.
552233
-235334 (base 7) to base 6
-525412
3d130c (base 14) to base 9
3874820
Convert 392fce (base 16) to base 10.
3747790
What is -21a153 (base 12) in base 11?
-336690
-4202403 (base 6) to base 8
-614003
Convert 71aa6 (base 15) to base 16.
57edc
What is 473028 (base 10) in base 8?
1633704
What is -13a505 (base 12) in base 13?
-b6a02
What is -415722 (base 10) in base 2?
-1100101011111101010
-221303001 (base 4) to base 15
-35ad6
What is -5b20c0 (base 13) in base 16?
-2130d2
Convert 464676 (base 12) to base 6.
40100230
What is -13aa044 (base 11) in base 6?
-123430054
What is 303030 (base 5) in base 14?
37b7
What is 101011110010001011 (base 2) in base 13?
63824
-10825 (base 14) to base 3
-2000220010
Convert -33025551 (base 6) to base 12.
-3b52b7
53850 (base 11) to base 4
103012031
Convert -147c24 (base 14) to base 8.
-2560570
-11212111020 (base 3) to base 15
-1d606
Convert -44199 (base 10) to base 3.
-2020122000
-127540 (base 11) to base 10
-200299
What is 405c7 (base 14) in base 4?
211303003
-4213214120 (base 5) to base 3
-121102100001010
What is -c8d52 (base 15) in base 13?
-194228
Convert -521526 (base 8) to base 15.
-3635b
Convert dbb19 (base 14) to base 9.
1000406
Convert 26425a (base 14) to base 12.
5365b4
Convert -1102031043 (base 5) to base 2.
-1001000100010100111111
What is -d1aa66 (base 15) in base 11?
-569204a
Convert a048 (base 11) to base 5.
411422
Convert -471604 (base 14) to base 7.
-26414304
What is 5028179 (base 11) in base 2?
100001111100010110010110
What is 433642 (base 14) in base 8?
10535252
Convert 3552425 (base 6) to base 2.
101101011001000001
Convert -462b4 (base 13) to base 14.
-34887
Convert 11000000202 (base 3) to base 12.
396a8
-10011001101010111 (base 2) to base 9
-128831
276328 (base 10) to base 6
5531144
ac09c6 (base 16) to base 4
223000213012
4c7b0 (base 14) to base 9
316040
173400 (base 8) to base 16
f700
-13264623 (base 7) to base 15
-1934b3
105304242 (base 6) to base 10
1937186
-a1a39 (base 11) to base 6
-3105441
What is -12442532 (base 7) in base 8?
-4253763
1011021120022 (base 3) to base 15
c265e
What is 171745 (base 8) in base 14?
18a7b
Convert 11264 (base 9) to base 13.
3559
44332021 (base 5) to b